405 and h?
45
Let t = -10 - -10. Suppose 2*c - 44 = -t*c. Calculate the highest common divisor of c and 66.
22
Let f be (-1)/((-3)/(-33))*3. Let z be 4*(f/2)/(-3). Let n = -4 + z. Calculate the highest common factor of 12 and n.
6
Let x(g) = -g + 12. Let l be x(4). What is the highest common divisor of 32 and l?
8
Let j be (0 - -65)*4/10. Suppose -2*l = 6 - j. Suppose -5*x - 5*d = -71 - 94, 15 = 5*d. What is the greatest common factor of x and l?
10
Suppose 3*d - 79 = -5*n + 4*d, 0 = 2*n - d - 31. Calculate the highest common factor of 40 and n.
8
Let c be 274/4 - (-8)/80*5. What is the greatest common divisor of c and 3?
3
Suppose 5 = -2*s + 109. What is the highest common factor of s and 13?
13
Let z = -126 - -130. What is the greatest common factor of z and 3?
1
Let t(r) = -3*r - 3. Let g be t(-3). Suppose -3*o + 32 = 14. Calculate the greatest common factor of o and g.
6
Let h(q) = -23*q - 2. Let m be h(-4). Calculate the highest common factor of 18 and m.
18
Suppose 3*d - 6*d + o = -86, -d + 5*o + 10 = 0. Let w(s) = s**2 - 4*s. Let y be w(6). Calculate the greatest common divisor of y and d.
6
Suppose 3*h - 51 = -l, -4*h - 61 - 51 = -2*l. Calculate the greatest common factor of 6 and l.
6
Let g = -5 + 3. Let y be (16 + g)/(2/11). What is the highest common divisor of 7 and y?
7
Let a(u) = 3*u**2 + u - 6. Let h be a(3). Calculate the greatest common divisor of h and 16.
8
Let l be 2/6 - 56/(-3). Let d = 41 - l. Suppose 15*g = 17*g - 220. Calculate the highest common factor of g and d.
22
Let q(y) = 5*y**2 + 3*y + 2. Let m(o) = o**3 + 4*o**2 - o - 1. Let d be m(-4). Let n be q(d). Let b = n + 25. What is the highest common factor of 9 and b?
9
Let a = 208 - 199. Let k be 27/2*14/3. What is the highest common divisor of k and a?
9
Suppose 5*i + j - 10 = 0, 5*j = -5*i + 3*i - 19. What is the highest common divisor of 24 and i?
3
Let m be (-39)/(-15) - (-4)/10. Suppose -17 = m*x - 224. Suppose -5*j + 4*b + 140 = -0*j, b = -2*j + x. What is the highest common factor of j and 16?
16
Let a(g) = 2*g - 8. Let r be a(6). Calculate the greatest common divisor of r and 24.
4
Let c = 17 + 33. Suppose 3*k = -4*o - 15, 0*o - 25 = -o + 5*k. Suppose -5*v + 127 - 27 = o. What is the highest common factor of c and v?
10
Suppose 2*o = 6 + 8. What is the highest common factor of o and 35?
7
Let m = -11 + 38. Let v(i) = -i - 11. Let y be v(0). Let t = -8 - y. Calculate the highest common factor of t and m.
3
Suppose -5*k + 60 = -3*k. Let g(q) be the first derivative of q**3 + q**2 - q + 4. Let p be g(-3). Calculate the highest common divisor of k and p.
10
Suppose 9 = 3*b - 63. Let p = 44 - b. Let q(n) = 8*n - 4. Let r be q(3). Calculate the highest common factor of r and p.
20
Let i = -86 - -179. What is the highest common factor of 31 and i?
31
Let p be (-651)/(-133) + 2/19. Calculate the greatest common divisor of 2 and p.
1
Let v be (-4 - -6) + (-2)/(-1). Suppose -v*a = -2*a + 2, -s - 4*a + 66 = 0. What is the greatest common divisor of 14 and s?
14
Let m = -1 - 0. Let d = 13 + m. Let l(f) = -f**3 + 10*f**2 + 13*f + 2. Let g be l(10). Calculate the greatest common divisor of d and g.
12
Let o = -26 + 77. Let c = -59 + 93. What is the greatest common factor of o and c?
17
Suppose 3*u = -12, 0 = -4*y - u + 15 - 7. Let s = 6 + -1. Suppose -5*p - 10 = -5*a - 0*p, a - s*p - 6 = 0. What is the greatest common divisor of a and y?
1
Let y(h) = 5*h**2 + h + 1. Let k be y(-1). Let l be ((-14)/k)/(1/(-15)). What is the highest common divisor of l and 105?
21
Let p = 2 + 7. Suppose -n + p = -7. Calculate the highest common factor of 32 and n.
16
Let m be 1 + (18 - 2/(-1)). Let z be 6/m + (-24)/(-14). Calculate the greatest common divisor of 1 and z.
1
Suppose 2*a - 4 - 16 = 0. Suppose -2*q + 4*t = 3*t - a, -2*q = -3*t - 10. Calculate the highest common factor of q and 50.
5
Let x = 26 + -10. What is the greatest common factor of x and 176?
16
Let a be ((-9)/(-27))/(1/138). What is the greatest common factor of a and 115?
23
Let m(o) = o**3 - 10*o**2 - 7*o + 24. Let f be m(13). What is the greatest common factor of 40 and f?
40
Suppose -5*v + 741 - 251 = 0. What is the highest common factor of v and 42?
14
Suppose 3*i = 3*d - 45, 4*i + 4 = -0. What is the greatest common divisor of 112 and d?
14
Suppose 4*h - 27 = -11. Suppose -5*l - 50 = -c + 50, 382 = h*c - 2*l. Let v(i) = -i + 38. Let r be v(0). Calculate the highest common factor of r and c.
19
Suppose 0 = -4*r - r. Suppose 2*s + 0*s - 30 = r. What is the greatest common divisor of 105 and s?
15
Let l = -183 - -303. Let p = 75 + -42. Let i = p - 18. What is the highest common divisor of l and i?
15
Let x(b) = 3*b**2 + 13*b. Let g be x(-5). Suppose -3*t + 5*o = -213, -210 = -3*t + 3*o + o. Let d = -16 + t. Calculate the highest common factor of g and d.
10
Let s = 47 + -29. What is the greatest common factor of s and 126?
18
Suppose -508 = -7*f + 1242. What is the greatest common divisor of f and 10?
10
Let y be (-18)/(3*4/(-6)). Let n(s) = -s**3 + 8*s**2 + 9*s + 10. Let f be n(y). Calculate the greatest common factor of 30 and f.
10
Suppose -2*t + 77 = -3. What is the highest common factor of t and 16?
8
Suppose -7*d + 46 = -122. Calculate the highest common factor of d and 24.
24
Let j(d) = -2*d + 1 + 7*d**2 - 4 + 0. Let y be j(-3). Calculate the highest common divisor of y and 6.
6
Suppose 3*a - 7*a + 24 = 0. Let d(p) = p**3 - 5*p**2 - 5*p + 9. Let x be d(a). Calculate the greatest common factor of x and 5.
5
Let l = 4 - 0. Suppose l*v + 3 - 7 = 0. Let r be (v + 10/(-4))*-2. What is the greatest common divisor of r and 2?
1
Suppose 0 = -2*m + 5*f + 3 - 16, -2*m - 7 = -3*f. Let t be m*(2 - (-3 - -4)). Calculate the highest common divisor of 9 and t.
1
Suppose -2*d + 44 = d - 4*q, -4*d - 5*q = -7. What is the highest common divisor of 40 and d?
8
Let o be (-158)/(-6) - 2/(-3). Let y = 234 - 99. Calculate the greatest common factor of y and o.
27
Suppose -4*z = z - 300. Suppose -2*n - 3*n = -z. Calculate the greatest common divisor of 6 and n.
6
Let d(c) = -c**2 + 5*c + 3. Let u be d(4). Let i = u + 5. Let k = 143 - 47. What is the highest common divisor of k and i?
12
Let u(a) = a - 1. Let l be u(-5). Let h(x) = -3*x - 3. Let j be h(l). Calculate the greatest common factor of 75 and j.
15
Let o(d) = -2*d - 1 - 35*d - 1 - 1. Let m be o(-3). Calculate the highest common divisor of m and 18.
18
Let u = 2 + 2. Let z be 4 + (-3)/((-6)/u). Suppose z*l = l + 420. What is the highest common divisor of 12 and l?
12
Suppose -3*r + 42 = -0*p + 3*p, 5*p = 3*r + 38. What is the greatest common factor of p and 5?
5
Let g(u) = 2 + 0 - u**3 + 5*u**2 - 5 - 2*u + 7. Let h be g(4). What is the greatest common divisor of 24 and h?
12
Let k = 191 + -136. Calculate the greatest common factor of 22 and k.
11
Let g be 6/(-8) + 1 + 639/4. Calculate the highest common factor of 8 and g.
8
Suppose 30 + 6 = 3*i. Let m be 2/((-3)/((-2151)/6)). Suppose 0 = -2*f - 2*h - 69 + m, 4*f - 337 = -h. Calculate the greatest common divisor of f and i.
12
Suppose -k = -d - 4*d + 76, -68 = -4*d - k. What is the greatest common factor of 2 and d?
2
Let l(r) = 5*r**2 - 3*r + 11. Let u be l(5). Calculate the highest common divisor of u and 11.
11
Let z = -4 - -14. Suppose t = z + 34. What is the greatest common divisor of 110 and t?
22
Let y = -15 - -23. Let c be y/((-6)/(-27)*3). Suppose 15 = 3*s - c. What is the greatest common factor of 36 and s?
9
Let n(q) = 44*q**2 - 4. Let o(h) = -45*h**2 + 3. Let x(f) = -4*n(f) - 5*o(f). Let c be x(1). Calculate the greatest common divisor of c and 20.
10
Let k(y) = -3*y - 19. Let g = -4 + 9. Let a(n) = 4*n + 29. Let i(v) = g*a(v) + 7*k(v). Let u be i(0). Calculate the highest common divisor of 18 and u.
6
Let c be ((-6)/2 - 0)/(-1). Suppose -6 = w - 27. What is the highest common divisor of c and w?
3
Let x = -128 - -227. What is the greatest common factor of x and 33?
33
Let o(c) = -27*c**3 - 2*c**2 - 3*c - 1. Let k be o(-1). Calculate the highest common divisor of 189 and k.
27
Let q(j) = -j**2 + 9*j + 30. Let v be q(6). What is the highest common factor of v and 60?
12
Let c be 4/(-10) + 60/25. Suppose c*v = v + 14. What is the highest common factor of v and 112?
14
Suppose -3 = 2*b - 3*b + 5*l, 0 = -5*b - 5*l 